{"id":1693,"date":"2019-11-01T12:36:30","date_gmt":"2019-11-01T11:36:30","guid":{"rendered":"http:\/\/ebm-sa.be\/?page_id=1693"},"modified":"2019-11-01T12:37:18","modified_gmt":"2019-11-01T11:37:18","slug":"containers-frigorifiques","status":"publish","type":"page","link":"https:\/\/ebm-sa.be\/index.php\/containers-frigorifiques\/","title":{"rendered":"Containers frigorifiques"},"content":{"rendered":"\n<p>Notre\nsoci\u00e9t\u00e9 fabrique des containers frigorifiques ou r\u00e9frig\u00e9r\u00e9s de la dimension\ndont vous avez besoin. Ceux-ci sont une r\u00e9f\u00e9rence dans le domaine de la cha\u00eene\ndu froid. Les containers servent, par exemple, au stockage ou au transport de\nmarchandises alimentaires. <\/p>\n\n\n\n<p>Les\ncontainers frigorifiques sont extr\u00eamement robustes et les mati\u00e8res utilis\u00e9es\npermettent un nettoyage rapide et simple. Les containers peuvent \u00e9galement \u00eatre\nd\u00e9plac\u00e9s facilement.<br>\nDiff\u00e9rentes&nbsp;\noptions peuvent \u00eatre propos\u00e9es tel que : plancher plat, portes de\nboucher, \u00e9clairage, pc de contr\u00f4le, alarme, ouverture int\u00e9rieure, \u00e9tag\u00e8res ou\ntout autre am\u00e9nagement utile.<\/p>\n","protected":false},"excerpt":{"rendered":"<p>Notre soci\u00e9t\u00e9 fabrique des containers frigorifiques ou r\u00e9frig\u00e9r\u00e9s de la dimension dont vous avez besoin. Ceux-ci sont une r\u00e9f\u00e9rence dans le domaine de la cha\u00eene&hellip;<\/p>\n","protected":false},"author":1,"featured_media":0,"parent":0,"menu_order":0,"comment_status":"closed","ping_status":"closed","template":"","meta":[],"_links":{"self":[{"href":"https:\/\/ebm-sa.be\/index.php\/wp-json\/wp\/v2\/pages\/1693"}],"collection":[{"href":"https:\/\/ebm-sa.be\/index.php\/wp-json\/wp\/v2\/pages"}],"about":[{"href":"https:\/\/ebm-sa.be\/index.php\/wp-json\/wp\/v2\/types\/page"}],"author":[{"embeddable":true,"href":"https:\/\/ebm-sa.be\/index.php\/wp-json\/wp\/v2\/users\/1"}],"replies":[{"embeddable":true,"href":"https:\/\/ebm-sa.be\/index.php\/wp-json\/wp\/v2\/comments?post=1693"}],"version-history":[{"count":1,"href":"https:\/\/ebm-sa.be\/index.php\/wp-json\/wp\/v2\/pages\/1693\/revisions"}],"predecessor-version":[{"id":1694,"href":"https:\/\/ebm-sa.be\/index.php\/wp-json\/wp\/v2\/pages\/1693\/revisions\/1694"}],"wp:attachment":[{"href":"https:\/\/ebm-sa.be\/index.php\/wp-json\/wp\/v2\/media?parent=1693"}],"curies":[{"name":"wp","href":"https:\/\/api.w.org\/{rel}","templated":true}]}}