{"id":2,"date":"2019-10-25T15:15:21","date_gmt":"2019-10-25T13:15:21","guid":{"rendered":"http:\/\/ebm-sa.be\/?page_id=2"},"modified":"2019-11-06T23:12:47","modified_gmt":"2019-11-06T22:12:47","slug":"conteneur-amenage","status":"publish","type":"page","link":"https:\/\/ebm-sa.be\/index.php\/conteneur-amenage\/","title":{"rendered":"Containeur \u00e9v\u00e8nementiels"},"content":{"rendered":"\t\t<div data-elementor-type=\"wp-page\" data-elementor-id=\"2\" class=\"elementor elementor-2\">\n\t\t\t\t\t\t<div class=\"elementor-inner\">\n\t\t\t\t<div class=\"elementor-section-wrap\">\n\t\t\t\t\t\t\t\t\t<section class=\"elementor-section elementor-top-section elementor-element elementor-element-675a99d elementor-section-boxed elementor-section-height-default elementor-section-height-default\" data-id=\"675a99d\" data-element_type=\"section\">\n\t\t\t\t\t\t<div class=\"elementor-container elementor-column-gap-default\">\n\t\t\t\t\t\t\t<div class=\"elementor-row\">\n\t\t\t\t\t<div class=\"elementor-column elementor-col-100 elementor-top-column elementor-element elementor-element-a5b6f9d\" data-id=\"a5b6f9d\" data-element_type=\"column\">\n\t\t\t<div class=\"elementor-column-wrap elementor-element-populated\">\n\t\t\t\t\t\t\t<div class=\"elementor-widget-wrap\">\n\t\t\t\t\t\t<div class=\"elementor-element elementor-element-b0539d9 elementor-arrows-position-inside elementor-pagination-position-outside elementor-widget elementor-widget-image-carousel\" data-id=\"b0539d9\" data-element_type=\"widget\" data-settings=\"{&quot;slides_to_show&quot;:&quot;1&quot;,&quot;autoplay_speed&quot;:2000,&quot;navigation&quot;:&quot;both&quot;,&quot;autoplay&quot;:&quot;yes&quot;,&quot;pause_on_hover&quot;:&quot;yes&quot;,&quot;pause_on_interaction&quot;:&quot;yes&quot;,&quot;infinite&quot;:&quot;yes&quot;,&quot;effect&quot;:&quot;slide&quot;,&quot;speed&quot;:500}\" data-widget_type=\"image-carousel.default\">\n\t\t\t\t<div class=\"elementor-widget-container\">\n\t\t\t\t\t<div class=\"elementor-image-carousel-wrapper swiper-container\" dir=\"ltr\">\n\t\t\t<div class=\"elementor-image-carousel swiper-wrapper swiper-image-stretch\">\n\t\t\t\t\t\t\t\t<div class=\"swiper-slide\"><figure class=\"swiper-slide-inner\"><img decoding=async  class=\"swiper-slide-image\" src=\"https:\/\/mlfx41qsxaiq.i.optimole.com\/w:auto\/h:auto\/q:mauto\/f:avif\/https:\/\/ebm-sa.be\/wp-content\/uploads\/elementor\/thumbs\/Container-Bar-2-ogc890thrgdn06bwqaz6qo2t72bw1b2egelh52lhmo.jpg\" alt=\"Container Bar 2\" \/><\/figure><\/div><div class=\"swiper-slide\"><figure class=\"swiper-slide-inner\"><img decoding=async  class=\"swiper-slide-image\" src=\"https:\/\/mlfx41qsxaiq.i.optimole.com\/w:auto\/h:auto\/q:mauto\/f:avif\/https:\/\/ebm-sa.be\/wp-content\/uploads\/elementor\/thumbs\/Container-bar-ogc891rbyaexbsajktdtb5u9sg799064sj8ymck3gg.jpg\" alt=\"Container bar\" \/><\/figure><\/div><div class=\"swiper-slide\"><figure class=\"swiper-slide-inner\"><img decoding=async  class=\"swiper-slide-image\" src=\"https:\/\/mlfx41qsxaiq.i.optimole.com\/w:auto\/h:auto\/q:mauto\/f:avif\/https:\/\/ebm-sa.be\/wp-content\/uploads\/elementor\/thumbs\/Container-podium-ogc892p654g7ne96fbsfvnlqdu2mgp9v4nwg3mipa8.jpg\" alt=\"Container podium\" \/><\/figure><\/div><div class=\"swiper-slide\"><figure class=\"swiper-slide-inner\"><img decoding=async  data-opt-src=\"https:\/\/mlfx41qsxaiq.i.optimole.com\/w:auto\/h:auto\/q:mauto\/f:avif\/https:\/\/ebm-sa.be\/wp-content\/uploads\/elementor\/thumbs\/container-ville-de-paris-ogc892p654g7ne96fbsfvnlqdu2mgp9v4nwg3mipa8.jpg\"  class=\"swiper-slide-image\" src=\"https:\/\/mlfx41qsxaiq.i.optimole.com\/w:auto\/h:auto\/q:eco\/f:avif\/https:\/\/ebm-sa.be\/wp-content\/uploads\/elementor\/thumbs\/container-ville-de-paris-ogc892p654g7ne96fbsfvnlqdu2mgp9v4nwg3mipa8.jpg\" alt=\"container ville de paris\" \/><noscript><img decoding=async  class=\"swiper-slide-image\" src=\"https:\/\/mlfx41qsxaiq.i.optimole.com\/w:auto\/h:auto\/q:mauto\/f:avif\/https:\/\/ebm-sa.be\/wp-content\/uploads\/elementor\/thumbs\/container-ville-de-paris-ogc892p654g7ne96fbsfvnlqdu2mgp9v4nwg3mipa8.jpg\" alt=\"container ville de paris\" \/></noscript><\/figure><\/div><div class=\"swiper-slide\"><figure class=\"swiper-slide-inner\"><img decoding=async  data-opt-src=\"https:\/\/mlfx41qsxaiq.i.optimole.com\/w:auto\/h:auto\/q:mauto\/f:avif\/https:\/\/ebm-sa.be\/wp-content\/uploads\/elementor\/thumbs\/Remorque-plaine-de-jeux-ogc893n0byhhz07t9u72g5d6z7xzoedlgsjxkwhb40.jpg\"  class=\"swiper-slide-image\" src=\"https:\/\/mlfx41qsxaiq.i.optimole.com\/w:auto\/h:auto\/q:eco\/f:avif\/https:\/\/ebm-sa.be\/wp-content\/uploads\/elementor\/thumbs\/Remorque-plaine-de-jeux-ogc893n0byhhz07t9u72g5d6z7xzoedlgsjxkwhb40.jpg\" alt=\"Remorque plaine de jeux\" \/><noscript><img decoding=async  class=\"swiper-slide-image\" src=\"https:\/\/mlfx41qsxaiq.i.optimole.com\/w:auto\/h:auto\/q:mauto\/f:avif\/https:\/\/ebm-sa.be\/wp-content\/uploads\/elementor\/thumbs\/Remorque-plaine-de-jeux-ogc893n0byhhz07t9u72g5d6z7xzoedlgsjxkwhb40.jpg\" alt=\"Remorque plaine de jeux\" \/></noscript><\/figure><\/div><div class=\"swiper-slide\"><figure class=\"swiper-slide-inner\"><img decoding=async  data-opt-src=\"https:\/\/mlfx41qsxaiq.i.optimole.com\/w:auto\/h:auto\/q:mauto\/f:avif\/https:\/\/ebm-sa.be\/wp-content\/uploads\/elementor\/thumbs\/Vontainer-Billeterie-ogc893n0byhhz07t9u72g5d6z7xzoedlgsjxkwhb40.jpg\"  class=\"swiper-slide-image\" src=\"https:\/\/mlfx41qsxaiq.i.optimole.com\/w:auto\/h:auto\/q:eco\/f:avif\/https:\/\/ebm-sa.be\/wp-content\/uploads\/elementor\/thumbs\/Vontainer-Billeterie-ogc893n0byhhz07t9u72g5d6z7xzoedlgsjxkwhb40.jpg\" alt=\"Vontainer Billeterie\" \/><noscript><img decoding=async  class=\"swiper-slide-image\" src=\"https:\/\/mlfx41qsxaiq.i.optimole.com\/w:auto\/h:auto\/q:mauto\/f:avif\/https:\/\/ebm-sa.be\/wp-content\/uploads\/elementor\/thumbs\/Vontainer-Billeterie-ogc893n0byhhz07t9u72g5d6z7xzoedlgsjxkwhb40.jpg\" alt=\"Vontainer Billeterie\" \/></noscript><\/figure><\/div>\t\t\t<\/div>\n\t\t\t\t\t\t\t\t\t\t\t\t<div class=\"swiper-pagination\"><\/div>\n\t\t\t\t\t\t\t\t\t\t\t\t\t<div class=\"elementor-swiper-button elementor-swiper-button-prev\">\n\t\t\t\t\t\t<i aria-hidden=\"true\" class=\"eicon-chevron-left\"><\/i>\t\t\t\t\t\t<span class=\"elementor-screen-only\">Pr\u00e9c\u00e9dent<\/span>\n\t\t\t\t\t<\/div>\n\t\t\t\t\t<div class=\"elementor-swiper-button elementor-swiper-button-next\">\n\t\t\t\t\t\t<i aria-hidden=\"true\" class=\"eicon-chevron-right\"><\/i>\t\t\t\t\t\t<span class=\"elementor-screen-only\">Suivant<\/span>\n\t\t\t\t\t<\/div>\n\t\t\t\t\t\t\t\t\t<\/div>\n\t\t\t\t<\/div>\n\t\t\t\t<\/div>\n\t\t\t\t\t\t<\/div>\n\t\t\t\t\t<\/div>\n\t\t<\/div>\n\t\t\t\t\t\t\t\t<\/div>\n\t\t\t\t\t<\/div>\n\t\t<\/section>\n\t\t\t\t<section class=\"elementor-section elementor-top-section elementor-element elementor-element-15fef24 elementor-section-boxed elementor-section-height-default elementor-section-height-default\" data-id=\"15fef24\" data-element_type=\"section\">\n\t\t\t\t\t\t<div class=\"elementor-container elementor-column-gap-default\">\n\t\t\t\t\t\t\t<div class=\"elementor-row\">\n\t\t\t\t\t<div class=\"elementor-column elementor-col-100 elementor-top-column elementor-element elementor-element-3e7ed094\" data-id=\"3e7ed094\" data-element_type=\"column\">\n\t\t\t<div class=\"elementor-column-wrap elementor-element-populated\">\n\t\t\t\t\t\t\t<div class=\"elementor-widget-wrap\">\n\t\t\t\t\t\t<div class=\"elementor-element elementor-element-68aa621b elementor-widget elementor-widget-text-editor\" data-id=\"68aa621b\" data-element_type=\"widget\" data-widget_type=\"text-editor.default\">\n\t\t\t\t<div class=\"elementor-widget-container\">\n\t\t\t\t\t\t\t\t<div class=\"elementor-text-editor elementor-clearfix\">\n\t\t\t\t<!-- wp:paragraph -->\n<p>Notre\nsoci\u00e9t\u00e9 est sp\u00e9cialis\u00e9e dans les containers \u00e9v\u00e9nementiels (tel que par exemple,\nstand, show-room, restauration, logements festivaliers, bureaux de vente\nimmobilier, automobiles, pop-up store et boutiques). Nous cr\u00e9ons des containers\nau visuel agr\u00e9able correspondant \u00e0 vos besoins. Nous pouvons donc imaginer&nbsp; avec vous les am\u00e9nagements dont vous avez\nbesoin en vue de vous proposer un produit adapt\u00e9 en tout point \u00e0 votre\nrecherche. Nous proposons en effet une gamme compl\u00e8te pour r\u00e9pondre aux besoins\n\u00e9v\u00e9nementiels.<\/p>\n<!-- \/wp:paragraph -->\n\n<!-- wp:paragraph -->\n<p>Nos\nmat\u00e9riaux &nbsp;\u00e9tant de qualit\u00e9s et\nr\u00e9sistants votre mat\u00e9riel sera s\u00e9curis\u00e9 dans votre containeur ferm\u00e9 et\nverrouill\u00e9 lorsque vous le souhaitez. <br>\nNos containers \u00e9v\u00e8nementiels sont\n\u00e9galement rapides \u00e0 installer. <br>\nIl s\u2019agit ici de proposer et de cr\u00e9er une solution d\u2019avenir s\u2019adaptant \u00e0 une\ninfinit\u00e9 de possibilit\u00e9.<\/p>\n<!-- \/wp:paragraph -->\t\t\t\t\t<\/div>\n\t\t\t\t\t\t<\/div>\n\t\t\t\t<\/div>\n\t\t\t\t\t\t<\/div>\n\t\t\t\t\t<\/div>\n\t\t<\/div>\n\t\t\t\t\t\t\t\t<\/div>\n\t\t\t\t\t<\/div>\n\t\t<\/section>\n\t\t\t\t\t\t\t\t\t<\/div>\n\t\t\t<\/div>\n\t\t\t\t\t<\/div>\n\t\t","protected":false},"excerpt":{"rendered":"<p>Pr\u00e9c\u00e9dent Suivant Notre soci\u00e9t\u00e9 est sp\u00e9cialis\u00e9e dans les containers \u00e9v\u00e9nementiels (tel que par exemple, stand, show-room, restauration, logements festivaliers, bureaux de vente immobilier, automobiles, pop-up&hellip;<\/p>\n","protected":false},"author":1,"featured_media":0,"parent":0,"menu_order":0,"comment_status":"closed","ping_status":"open","template":"","meta":[],"_links":{"self":[{"href":"https:\/\/ebm-sa.be\/index.php\/wp-json\/wp\/v2\/pages\/2"}],"collection":[{"href":"https:\/\/ebm-sa.be\/index.php\/wp-json\/wp\/v2\/pages"}],"about":[{"href":"https:\/\/ebm-sa.be\/index.php\/wp-json\/wp\/v2\/types\/page"}],"author":[{"embeddable":true,"href":"https:\/\/ebm-sa.be\/index.php\/wp-json\/wp\/v2\/users\/1"}],"replies":[{"embeddable":true,"href":"https:\/\/ebm-sa.be\/index.php\/wp-json\/wp\/v2\/comments?post=2"}],"version-history":[{"count":15,"href":"https:\/\/ebm-sa.be\/index.php\/wp-json\/wp\/v2\/pages\/2\/revisions"}],"predecessor-version":[{"id":1763,"href":"https:\/\/ebm-sa.be\/index.php\/wp-json\/wp\/v2\/pages\/2\/revisions\/1763"}],"wp:attachment":[{"href":"https:\/\/ebm-sa.be\/index.php\/wp-json\/wp\/v2\/media?parent=2"}],"curies":[{"name":"wp","href":"https:\/\/api.w.org\/{rel}","templated":true}]}}